{"version":"1.0","provider_name":"Catedral de Pamplona","provider_url":"https:\/\/www.catedraldepamplona.com\/fr\/","author_name":"catedral","author_url":"https:\/\/www.catedraldepamplona.com\/fr\/author\/catedral\/","title":"16 CELLIER - Catedral de Pamplona","type":"rich","width":600,"height":338,"html":"<blockquote class=\"wp-embedded-content\" data-secret=\"aF0ljVZDxj\"><a href=\"https:\/\/www.catedraldepamplona.com\/fr\/el-museo\/estancias\/cellier\/\">16 CELLIER<\/a><\/blockquote><iframe sandbox=\"allow-scripts\" security=\"restricted\" src=\"https:\/\/www.catedraldepamplona.com\/fr\/el-museo\/estancias\/cellier\/embed\/#?secret=aF0ljVZDxj\" width=\"600\" height=\"338\" title=\"\u00ab\u00a016 CELLIER\u00a0\u00bb &#8212; Catedral de Pamplona\" data-secret=\"aF0ljVZDxj\" frameborder=\"0\" marginwidth=\"0\" marginheight=\"0\" scrolling=\"no\" class=\"wp-embedded-content\"><\/iframe><script type=\"text\/javascript\">\n\/*! This file is auto-generated *\/\n!function(c,d){\"use strict\";var e=!1,o=!1;if(d.querySelector)if(c.addEventListener)e=!0;if(c.wp=c.wp||{},c.wp.receiveEmbedMessage);else if(c.wp.receiveEmbedMessage=function(e){var t=e.data;if(!t);else if(!(t.secret||t.message||t.value));else if(\/[^a-zA-Z0-9]\/.test(t.secret));else{for(var r,s,a,i=d.querySelectorAll('iframe[data-secret=\"'+t.secret+'\"]'),n=d.querySelectorAll('blockquote[data-secret=\"'+t.secret+'\"]'),o=new RegExp(\"^https?:$\",\"i\"),l=0;l<n.length;l++)n[l].style.display=\"none\";for(l=0;l<i.length;l++)if(r=i[l],e.source!==r.contentWindow);else{if(r.removeAttribute(\"style\"),\"height\"===t.message){if(1e3<(s=parseInt(t.value,10)))s=1e3;else if(~~s<200)s=200;r.height=s}if(\"link\"===t.message)if(s=d.createElement(\"a\"),a=d.createElement(\"a\"),s.href=r.getAttribute(\"src\"),a.href=t.value,!o.test(a.protocol));else if(a.host===s.host)if(d.activeElement===r)c.top.location.href=t.value}}},e)c.addEventListener(\"message\",c.wp.receiveEmbedMessage,!1),d.addEventListener(\"DOMContentLoaded\",t,!1),c.addEventListener(\"load\",t,!1);function t(){if(o);else{o=!0;for(var e,t,r,s=-1!==navigator.appVersion.indexOf(\"MSIE 10\"),a=!!navigator.userAgent.match(\/Trident.*rv:11\\.\/),i=d.querySelectorAll(\"iframe.wp-embedded-content\"),n=0;n<i.length;n++){if(!(r=(t=i[n]).getAttribute(\"data-secret\")))r=Math.random().toString(36).substr(2,10),t.src+=\"#?secret=\"+r,t.setAttribute(\"data-secret\",r);if(s||a)(e=t.cloneNode(!0)).removeAttribute(\"security\"),t.parentNode.replaceChild(e,t);t.contentWindow.postMessage({message:\"ready\",secret:r},\"*\")}}}}(window,document);\n<\/script>\n","description":"Construite \u00e0 la fin du XIe si\u00e8cle comme lieu de r\u00e9sidence des chanoines lors de leurs premi\u00e8res ann\u00e9es de vie en communaut\u00e9, c\u2019est l\u2019\u00e9dification la plus ancienne de la Cath\u00e9drale. Plus tard, sa fonction est devenue exclusivement celle de cellier ou garde-manger.","thumbnail_url":"https:\/\/www.catedraldepamplona.com\/wp-content\/uploads\/CILLERIA.webp"}

Construite à la fin du XIe siècle comme lieu de résidence des chanoines lors de leurs premières années de vie en communauté, c’est l’édification la plus ancienne de la Cathédrale. Plus tard, sa fonction est devenue exclusivement celle de cellier ou garde-manger.
