{"version":"1.0","provider_name":"Catedral de Pamplona","provider_url":"https:\/\/www.catedraldepamplona.com\/eu\/","author_name":"catedral","author_url":"https:\/\/www.catedraldepamplona.com\/eu\/author\/catedral\/","title":"Semana Santa en la Catedral de Pamplona - Catedral de Pamplona","type":"rich","width":600,"height":338,"html":"<blockquote class=\"wp-embedded-content\" data-secret=\"SnLwPNtRRk\"><a href=\"https:\/\/www.catedraldepamplona.com\/eu\/categoria\/semana-santa-la-catedral-pamplona\/\">Semana Santa en la Catedral de Pamplona<\/a><\/blockquote><iframe sandbox=\"allow-scripts\" security=\"restricted\" src=\"https:\/\/www.catedraldepamplona.com\/eu\/categoria\/semana-santa-la-catedral-pamplona\/embed\/#?secret=SnLwPNtRRk\" width=\"600\" height=\"338\" title=\"&#8220;Semana Santa en la Catedral de Pamplona&#8221; &#8212; Catedral de Pamplona\" data-secret=\"SnLwPNtRRk\" frameborder=\"0\" marginwidth=\"0\" marginheight=\"0\" scrolling=\"no\" class=\"wp-embedded-content\"><\/iframe><script type=\"text\/javascript\">\n\/*! This file is auto-generated *\/\n!function(c,d){\"use strict\";var e=!1,o=!1;if(d.querySelector)if(c.addEventListener)e=!0;if(c.wp=c.wp||{},c.wp.receiveEmbedMessage);else if(c.wp.receiveEmbedMessage=function(e){var t=e.data;if(!t);else if(!(t.secret||t.message||t.value));else if(\/[^a-zA-Z0-9]\/.test(t.secret));else{for(var r,s,a,i=d.querySelectorAll('iframe[data-secret=\"'+t.secret+'\"]'),n=d.querySelectorAll('blockquote[data-secret=\"'+t.secret+'\"]'),o=new RegExp(\"^https?:$\",\"i\"),l=0;l<n.length;l++)n[l].style.display=\"none\";for(l=0;l<i.length;l++)if(r=i[l],e.source!==r.contentWindow);else{if(r.removeAttribute(\"style\"),\"height\"===t.message){if(1e3<(s=parseInt(t.value,10)))s=1e3;else if(~~s<200)s=200;r.height=s}if(\"link\"===t.message)if(s=d.createElement(\"a\"),a=d.createElement(\"a\"),s.href=r.getAttribute(\"src\"),a.href=t.value,!o.test(a.protocol));else if(a.host===s.host)if(d.activeElement===r)c.top.location.href=t.value}}},e)c.addEventListener(\"message\",c.wp.receiveEmbedMessage,!1),d.addEventListener(\"DOMContentLoaded\",t,!1),c.addEventListener(\"load\",t,!1);function t(){if(o);else{o=!0;for(var e,t,r,s=-1!==navigator.appVersion.indexOf(\"MSIE 10\"),a=!!navigator.userAgent.match(\/Trident.*rv:11\\.\/),i=d.querySelectorAll(\"iframe.wp-embedded-content\"),n=0;n<i.length;n++){if(!(r=(t=i[n]).getAttribute(\"data-secret\")))r=Math.random().toString(36).substr(2,10),t.src+=\"#?secret=\"+r,t.setAttribute(\"data-secret\",r);if(s||a)(e=t.cloneNode(!0)).removeAttribute(\"security\"),t.parentNode.replaceChild(e,t);t.contentWindow.postMessage({message:\"ready\",secret:r},\"*\")}}}}(window,document);\n<\/script>\n","description":"Os presentamos la agenda de los eventos de la Cuaresma y la Semana Santa que se celebrar\u00e1n en la Catedral de Pamplona.\u00a0 &nbsp; CUARESMA El 11 de marzo (20.45 horas) se realizar\u00e1 el Traslado de\u00a0Nuestra Se\u00f1ora de la Soledad\u00a0a la Catedral de Pamplona desde la Iglesia de San Lorenzo. Del 12 al 18 de marzo tendr\u00e1 lugar el Septenario de la Soledad a las 20 horas. El Rosario de los Esclavos se celebrar\u00e1 previamente al Septenario a las 19.30 horas. &nbsp; SEMANA SANTA Domingo Santo 11.30 horas. Celebramos la Procesi\u00f3n del Domingo de Ramos que comenzar\u00e1 con la bendici\u00f3n de las palmas y los ramos en la Plaza de Santa Mar\u00eda la Real, junto al Palacio Arzobispal. Posteriormente, se acompa\u00f1ar\u00e1 al paso de la entrada de Jes\u00fas en Jerusal\u00e9n hasta la Catedral donde se celebrar\u00e1 la Eucarist\u00eda a las 12 horas. Mi\u00e9rcoles Santo 11.00 horas. Misa Crismal, donde el Se\u00f1or Arzobispo bendecir\u00e1 los Santos \u00d3leos y consagrar\u00e1 el Crisma. Jueves Santo 18.00 horas. Misa Vespertina de la Cena del Se\u00f1or (Misa In Coena Domini) Viernes Santo 9.00 horas. V\u00eda Crucis en el Claustro 11.30 horas. V\u00eda Crucis de las Hermanas de la Soledad 12.00 horas. Funci\u00f3n de las Siete Palabras [&hellip;]"}

Os presentamos la agenda de los eventos de la Cuaresma y la Semana Santa que se celebrarán en la Catedral de Pamplona.  &nbsp; CUARESMA El 11 de marzo (20.45 horas) se realizará el Traslado de Nuestra Señora de la Soledad a la Catedral de Pamplona desde la Iglesia de San Lorenzo. Del 12 al 18 de marzo tendrá lugar el Septenario de la Soledad a las 20 horas. El Rosario de los Esclavos se celebrará previamente al Septenario a las 19.30 horas. &nbsp; SEMANA SANTA Domingo Santo 11.30 horas. Celebramos la Procesión del Domingo de Ramos que comenzará con la bendición de las palmas y los ramos en la Plaza de Santa María la Real, junto al Palacio Arzobispal. Posteriormente, se acompañará al paso de la entrada de Jesús en Jerusalén hasta la Catedral donde se celebrará la Eucaristía a las 12 horas. Miércoles Santo 11.00 horas. Misa Crismal, donde el Señor Arzobispo bendecirá los Santos Óleos y consagrará el Crisma. Jueves Santo 18.00 horas. Misa Vespertina de la Cena del Señor (Misa In Coena Domini) Viernes Santo 9.00 horas. Vía Crucis en el Claustro 11.30 horas. Vía Crucis de las Hermanas de la Soledad 12.00 horas. Función de las Siete Palabras [&hellip;]
