{"version":"1.0","provider_name":"Catedral de Pamplona","provider_url":"https:\/\/www.catedraldepamplona.com\/en\/","author_name":"catedral","author_url":"https:\/\/www.catedraldepamplona.com\/en\/author\/catedral\/","title":"0 Facade - Catedral de Pamplona","type":"rich","width":600,"height":338,"html":"<blockquote class=\"wp-embedded-content\" data-secret=\"qVYyZA6XZi\"><a href=\"https:\/\/www.catedraldepamplona.com\/en\/el-museo\/estancias\/01-fachada\/\">0 Facade<\/a><\/blockquote><iframe sandbox=\"allow-scripts\" security=\"restricted\" src=\"https:\/\/www.catedraldepamplona.com\/en\/el-museo\/estancias\/01-fachada\/embed\/#?secret=qVYyZA6XZi\" width=\"600\" height=\"338\" title=\"&#8220;0 Facade&#8221; &#8212; Catedral de Pamplona\" data-secret=\"qVYyZA6XZi\" frameborder=\"0\" marginwidth=\"0\" marginheight=\"0\" scrolling=\"no\" class=\"wp-embedded-content\"><\/iframe><script type=\"text\/javascript\">\n\/*! This file is auto-generated *\/\n!function(c,d){\"use strict\";var e=!1,o=!1;if(d.querySelector)if(c.addEventListener)e=!0;if(c.wp=c.wp||{},c.wp.receiveEmbedMessage);else if(c.wp.receiveEmbedMessage=function(e){var t=e.data;if(!t);else if(!(t.secret||t.message||t.value));else if(\/[^a-zA-Z0-9]\/.test(t.secret));else{for(var r,s,a,i=d.querySelectorAll('iframe[data-secret=\"'+t.secret+'\"]'),n=d.querySelectorAll('blockquote[data-secret=\"'+t.secret+'\"]'),o=new RegExp(\"^https?:$\",\"i\"),l=0;l<n.length;l++)n[l].style.display=\"none\";for(l=0;l<i.length;l++)if(r=i[l],e.source!==r.contentWindow);else{if(r.removeAttribute(\"style\"),\"height\"===t.message){if(1e3<(s=parseInt(t.value,10)))s=1e3;else if(~~s<200)s=200;r.height=s}if(\"link\"===t.message)if(s=d.createElement(\"a\"),a=d.createElement(\"a\"),s.href=r.getAttribute(\"src\"),a.href=t.value,!o.test(a.protocol));else if(a.host===s.host)if(d.activeElement===r)c.top.location.href=t.value}}},e)c.addEventListener(\"message\",c.wp.receiveEmbedMessage,!1),d.addEventListener(\"DOMContentLoaded\",t,!1),c.addEventListener(\"load\",t,!1);function t(){if(o);else{o=!0;for(var e,t,r,s=-1!==navigator.appVersion.indexOf(\"MSIE 10\"),a=!!navigator.userAgent.match(\/Trident.*rv:11\\.\/),i=d.querySelectorAll(\"iframe.wp-embedded-content\"),n=0;n<i.length;n++){if(!(r=(t=i[n]).getAttribute(\"data-secret\")))r=Math.random().toString(36).substr(2,10),t.src+=\"#?secret=\"+r,t.setAttribute(\"data-secret\",r);if(s||a)(e=t.cloneNode(!0)).removeAttribute(\"security\"),t.parentNode.replaceChild(e,t);t.contentWindow.postMessage({message:\"ready\",secret:r},\"*\")}}}}(window,document);\n<\/script>\n","description":"Constructed between 1782 and 1804 by Santos \u00c1ngel de Ochand\u00e1tegui, following the design of Ventura Rodr\u00edguez. Neoclassical style: classic fa\u00e7ade framed between two towers and fronted by a columned porch. The Neoclassical lines of the fa\u00e7ade do not reveal the Gothic lines of the inside of the Temple and the Cloister. To unite the fa\u00e7ade to the Cathedral, the last stretch of the Temple had to be constructed.","thumbnail_url":"https:\/\/www.catedraldepamplona.com\/wp-content\/uploads\/FACHADAPORTADA.webp"}

Constructed between 1782 and 1804 by Santos Ángel de Ochandátegui, following the design of Ventura Rodríguez. Neoclassical style: classic façade framed between two towers and fronted by a columned porch. The Neoclassical lines of the façade do not reveal the Gothic lines of the inside of the Temple and the Cloister. To unite the façade to the Cathedral, the last stretch of the Temple had to be constructed.
